 y - -5. What is the tens digit of b?
1
Suppose q + 3 = 2. Let o = 6 - q. What is the units digit of o?
7
Suppose 4*l - l + 84 = 3*q, 0 = 3*q - 5*l - 94. Suppose -5*u + q = -87. What is the units digit of u?
2
Let r = -6 - -149. Let x = -209 + r. What is the units digit of (1/3)/((-2)/x)?
1
Let r = -22 + 36. Let t = r - 6. What is the units digit of t?
8
What is the units digit of 190/3 + (-4)/(-6)?
4
Suppose 4*o = -0*j - j + 33, 60 = 2*j + 5*o. What is the units digit of j?
5
Suppose 5*f = -64 + 4. Let c = f - -19. Let p(t) = -t**3 + 6*t**2 + 8*t - 1. What is the units digit of p(c)?
6
Let h = -89 - -148. What is the units digit of h?
9
Let b = 54 + -28. What is the tens digit of b?
2
Suppose -2*n = -45 + 9. What is the units digit of n?
8
Suppose -2*l + 32 = 3*j, 4*l - j + 5*j - 60 = 0. What is the tens digit of l?
1
Suppose -5*u + 46 + 491 = 4*t, u = 3*t + 96. What is the hundreds digit of u?
1
Let y = 2 - -3. Suppose 5*v - 2 = k + 31, y*v - 25 = 5*k. Suppose -o + v + 6 = 0. What is the units digit of o?
3
Let l be 2/(-2) - -1*6. Suppose 4*z - 5 = l*o, -3 = -z + 2. Suppose b - 16 = -o*b. What is the units digit of b?
4
Let i = 34 + 6. What is the tens digit of i?
4
What is the units digit of 6/(-39) + 1094/13?
4
Suppose -k + 4 = -2*k. Let f(i) = 2*i + 6. Let h be f(k). Let u = h - -8. What is the units digit of u?
6
Let p be (-46)/(-14) - 2/7. Suppose p*m - 1 = 5. Suppose m*g - 6 = -g. What is the units digit of g?
2
What is the units digit of 275/22*(7 + -1)?
5
Suppose -6*l + 2*l = -92. Let y(z) = z**2 + 6*z - 4. Let c be y(-4). Let s = l + c. What is the units digit of s?
1
What is the tens digit of (36108/20)/9 + 2/5?
0
Let p = -191 - -291. What is the hundreds digit of p?
1
Let h = 6 + -14. What is the tens digit of h/(-6)*(-297)/(-22)?
1
Let v = -9 + 8. What is the units digit of (v - 2) + (-14)/(-1)?
1
Let k(o) = -2*o - 1. Let h be k(-2). Suppose 0*z = 5*m - 2*z - 70, 2*z = 4*m - 58. Suppose j = h*j - m. What is the units digit of j?
6
Let d(a) = 2*a**2 - 2*a - 1. Let n be d(-2). Let m = n - -10. What is the tens digit of m?
2
Let u(j) = -3*j - 44. What is the units digit of u(-18)?
0
Suppose 0 = -4*b + 4. What is the units digit of b*2*1/2?
1
Let d be (-1)/2 + (-5)/10. Let l = 7 + d. What is the units digit of l?
6
Let m(x) = -5*x**3 - 4*x**2 - 3*x - 2. Let l be m(-2). Suppose -l = -2*t + 24. What is the units digit of t?
6
Let s = -179 - -308. Suppose 3*w - s = 9. What is the units digit of w?
6
Let o = -1 + 3. Suppose 4*c - o - 6 = 0. Let f(q) = -q**3 + 2*q**2 + q + 2. What is the units digit of f(c)?
4
Let a(c) be the third derivative of -c**7/2520 - 7*c**6/720 + c**5/30 - c**2. Let s(b) be the third derivative of a(b). What is the units digit of s(-5)?
3
Let z(l) = 3 + l**2 + l + 7*l - 5*l**2. Let o(j) = -j**2 + j - 1. Let a(p) = -3*o(p) + z(p). What is the units digit of a(5)?
6
What is the units digit of -3 + 2288/39 + (-2)/(-6)?
6
Let w be (-8)/3*3/(-2). Suppose -77 - 63 = -w*l. What is the units digit of l?
5
Let q be 4/(-14) + 226/7. Let p be q/10 + (-1)/5. Suppose p*m - 6*m = -3. What is the units digit of m?
1
Let v = -1 + 9. Let q(z) = -z + 8. Let y be q(v). Suppose y = -b - 2*o - 6 + 20, 0 = b - 2*o + 2. What is the units digit of b?
6
Let n = 9 + -21. Let p = -11 - n. What is the units digit of p?
1
What is the tens digit of (-1)/10*-1006 + 4/10?
0
Suppose 0 = 5*v + 3*c - 10, 3*v - 6 = -0*v + 2*c. Suppose v*r - 3 = 9. Suppose -4*d + 3*o = -19, d + o = 2*o + r. What is the units digit of d?
1
Let p = 13 + 62. What is the units digit of p?
5
Suppose 0 = -0*c - c + 5. Let s(p) = -p**3 + 6*p**2 - 5*p + 3. Let f be s(c). What is the units digit of 2*f/6 + 0?
1
Suppose -630 = -7*c - 0*c. What is the units digit of c?
0
Let u(l) = 3*l + 5. Let w be u(7). Let x = 7 - w. Let a = -11 - x. What is the units digit of a?
8
Let z = 1 - 1. Suppose z = 3*b - 2*b - 17. What is the units digit of b?
7
Let j be 4/(-4 + 16)*12. Suppose j - 39 = -5*m. What is the units digit of m?
7
Let f = 30 + -24. What is the units digit of f?
6
Let b = 11 - 2. What is the units digit of b?
9
Let p be 13 + 2/((-6)/(-3)). Suppose 0 = -2*y + 4*o + 10 + p, 3*y = o + 46. What is the tens digit of y?
1
Suppose 0*q + 108 = 4*q. Suppose 4*y + 4*g - 44 = 0, -y + q = y + g. What is the tens digit of y?
1
Let t be 0/(-7)*(-1 - 0). Suppose t = h + 6 - 0. Let p = -5 - h. What is the units digit of p?
1
Suppose 344 = -0*f + 8*f. What is the units digit of f?
3
Let l = 3 + -3. Suppose -2*x - 51 = 3*t - 0*x, 3*t + 5*x + 42 = l. Let b = -11 - t. What is the units digit of b?
8
Let l = 15 - 13. Suppose -9 = t + 5*y, 2*t + l*y + 4 = -y. What is the units digit of t?
1
Let i(j) = -j**2 - 9*j + 2. Suppose -4*k - 36 = -0*k. What is the units digit of i(k)?
2
Suppose 9 = a - 9. Suppose a = 4*t + 2*f, 2*t = -t + 4*f - 3. Suppose 2*j + t*j = 10. What is the units digit of j?
2
Suppose 55 = -3*f - 5*r, -f - 3*r = -3*f - 24. Let c = 26 + f. What is the units digit of c?
1
Let y(n) = n**3 + 8*n**2 - 9*n - 7. Let m be y(-9). Let d(t) = -t**2 - 10*t + 3. What is the tens digit of d(m)?
2
Suppose 2*u = -4*y + 8*y, -4*y + 5*u - 6 = 0. Let w be 42 + (0 - 0)/y. Suppose -4*s + w + 10 = 0. What is the units digit of s?
3
What is the units digit of (-2)/(92/(-84) - -1)?
1
Suppose -42 = -2*s + 36. Suppose -s = -3*u - 12. What is the units digit of 6 - 3/u*0?
6
Let v = -7 - -11. Suppose v*n = -3*c + 93, 4*n - 42 - 39 = c. What is the tens digit of n?
2
Suppose -1 + 4 = -k. Let g be 5 - (9/3 + k). Suppose g*j = 3*r - 4, 2*j + r + 1 = 2*r. What is the units digit of j?
1
Let f = -11 + 15. Suppose -a + 6 = a - f*c, -3*a + 5 = -4*c. Let z = 4 + a. What is the units digit of z?
3
Let s(o) be the third derivative of -o**5/60 - o**4/6 + o**3/3 - o**2. What is the units digit of s(-4)?
2
Suppose -d - 5*m = 1, 3*m - m + 22 = 5*d. Suppose d = -r + 5*r. What is the units digit of r?
1
Suppose -p = -0*p + 3. Let w = -23 + -25. What is the units digit of w/(-9) + (-2)/p?
6
Suppose -2 = 5*d - 17. Suppose 4*b + b = q - 2, 0 = d*q - 4*b - 6. Suppose -q*r - 2*f = -5*f - 23, -3*f - 61 = -4*r. What is the tens digit of r?
1
Let g = -46 - -57. What is the units digit of g?
1
Suppose -a - 3*a + 16 = 0. Let x(q) = q**3 - 4*q**2 + 2*q + 3. What is the units digit of x(a)?
1
Suppose 5*v + 2*y = 29, -11 = -3*v - 0*y + 2*y. Suppose 0 = -2*b + 6, -6*b + b + 155 = v*h. What is the units digit of h?
8
Let s = -3 - -8. What is the units digit of s?
5
Suppose -4*a + 4 + 44 = 0. What is the units digit of a?
2
Let x = 4 + 0. What is the units digit of x - (0 - (2 - 1))?
5
Suppose 4 = 3*f - 2. What is the tens digit of 1/f + 23/2?
1
Suppose 41 + 58 = r. What is the units digit of r?
9
Let x(h) = 67*h + 1. Let c be x(1). Suppose a + 1 = v, -6*a = 5*v - 2*a - 41. Suppose -u + 20 = 2*i - 3*u, v*i - c = -4*u. What is the units digit of i?
2
Suppose 0 = -2*u + 11 + 43. Suppose 5*m + 13 = -u. Let a = -3 - m. What is the units digit of a?
5
Let o(t) = -17*t - 6. What is the units digit of o(-3)?
5
Let m be (0 + -8)*2/(-4). Suppose -u - 5*g = m, 0*u - u = -5*g - 46. What is the tens digit of u?
2
Let f(b) = 4*b**2 - 2 - 3*b**2 + 3*b - 7*b. Let g be f(5). Suppose 0 = g*u - 6*u + 2*s + 35, 4*u - s = 45. What is the units digit of u?
1
Let v(y) = -y**2 + 9*y - 10. Let d be v(8). What is the units digit of d + (-7)/(-2 - -1)?
5
Suppose -u + 4 = -75. What is the units digit of u?
9
Let k = 296 + -159. What is the hundreds digit of k?
1
Let u(m) be the third derivative of -m**4/12 - m**3/6 + 3*m**2. What is the units digit of u(-2)?
3
Let m(k) = k + 8. Let j be m(-10). Let s(h) = 5*h**2 + h + 2. What is the units digit of s(j)?
0
Let t = -10 + 7. What is the units digit of (-17)/((t + 2)*1)?
7
Let k = 87 + -29. What is the units digit of k?
8
Suppose -2*v + 3*k + 206 = -0*k, -5*v + 4*k = -515. What is the hundreds digit of v?
1
Suppose -2*p + 3*f = f - 16, -14 = -2*p + f. Suppose -m = -3*m + p. What is the units digit of m?
3
What is the units digit of (1*9)/(3/10)?
0
Suppose 0 = -4*v - v - 205. Let x = v - -59. What is the tens digit of x?
1
Let s = -19 - -60. Let l = -1 + s. What is the tens digit of l?
4
Suppose 3*b - 2*t + 10 = -7*t, -5*t = 4*b + 5. Suppose 3*f + 2*d = 16 + 7, -3*f - b*d = -17. What is the units digit of f?
9
Su